of 18?
True
Is 7070056 a multiple of 126?
False
Is 402844 a multiple of 13?
True
Is 13 a factor of 119006?
False
Is 2925035 a multiple of 192?
False
Is 459171 a multiple of 9?
True
Is 260 a factor of 26780?
True
Does 6 divide 11085702?
True
Is 740 a factor of 16110763?
False
Is 523749 a multiple of 115?
False
Is 7874705 a multiple of 29?
False
Is 14 a factor of 96691?
False
Does 38 divide 109736?
False
Is 632 a factor of 243320?
True
Does 41 divide 93992?
False
Is 175482 a multiple of 64?
False
Does 15 divide 11143?
False
Is 510503 a multiple of 313?
True
Does 6 divide 486868?
False
Is 95 a factor of 5938165?
True
Does 21 divide 117245?
False
Is 205 a factor of 8471830?
True
Is 5 a factor of 1148920?
True
Is 19718692 a multiple of 14?
True
Is 111 a factor of 730158?
True
Does 223 divide 121089?
True
Is 5035515 a multiple of 10?
False
Is 301 a factor of 71036?
True
Is 10 a factor of 509763?
False
Is 25449628 a multiple of 470?
False
Is 37 a factor of 152596?
False
Is 3492315 a multiple of 337?
False
Is 796180 a multiple of 847?
True
Is 6 a factor of 80676?
True
Does 290 divide 7113952?
False
Does 81 divide 7047?
True
Is 488840 a multiple of 121?
True
Is 46 a factor of 17572?
True
Is 13227207 a multiple of 21?
True
Is 1162 a factor of 5866938?
True
Does 13 divide 23738?
True
Does 149 divide 101216?
False
Does 6 divide 303082?
False
Is 195 a factor of 224055?
True
Does 7 divide 1914560?
False
Does 161 divide 125521?
False
Is 23569526 a multiple of 252?
False
Does 359 divide 370847?
True
Is 68058 a multiple of 9?
True
Is 12128640 a multiple of 14?
False
Does 8 divide 485364?
False
Is 227420 a multiple of 415?
True
Is 132 a factor of 128105?
False
Is 6583 a multiple of 4?
False
Does 10 divide 487570?
True
Is 514119 a multiple of 69?
True
Is 3935882 a multiple of 57?
False
Does 84 divide 119392?
False
Is 17877922 a multiple of 143?
False
Is 280 a factor of 400960?
True
Does 297 divide 611946?
False
Is 24840 a multiple of 108?
True
Is 33 a factor of 1796718?
True
Is 526 a factor of 277202?
True
Is 1227085 a multiple of 293?
False
Does 25 divide 6164518?
False
Is 549145 a multiple of 68?
False
Is 1784939 a multiple of 13?
True
Is 1046902 a multiple of 27?
False
Does 84 divide 116928?
True
Is 492 a factor of 6152890?
False
Is 11218228 a multiple of 14?
True
Is 204295 a multiple of 41?
False
Does 9 divide 30087?
True
Is 71 a factor of 107423?
True
Is 27 a factor of 1143207?
True
Is 4449057 a multiple of 29?
False
Does 9 divide 20776518?
True
Is 520 a factor of 3854240?
True
Is 31680 a multiple of 44?
True
Is 65994 a multiple of 6?
True
Is 186439 a multiple of 69?
False
Is 36 a factor of 21924?
True
Does 556 divide 8396451?
False
Is 2764237 a multiple of 2?
False
Is 9 a factor of 384363?
True
Is 4 a factor of 2880716?
True
Is 139 a factor of 1099150?
False
Is 1080 a factor of 8750160?
True
Does 94 divide 336971?
False
Is 3330225 a multiple of 1025?
True
Does 176 divide 20161595?
False
Does 59 divide 66434?
True
Is 8760049 a multiple of 83?
False
Is 96382 a multiple of 176?
False
Does 21 divide 11238793?
False
Is 9 a factor of 35245?
False
Is 1591190 a multiple of 60?
False
Does 195 divide 2921?
False
Is 219919 a multiple of 7?
True
Is 19 a factor of 84246?
True
Is 142 a factor of 61202?
True
Is 18 a factor of 1919502?
True
Is 17061200 a multiple of 25?
True
Is 48182 a multiple of 17?
False
Does 3 divide 1733286?
True
Is 251617 a multiple of 31?
False
Is 963642 a multiple of 38?
True
Is 3 a factor of 7379?
False
Is 22 a factor of 1525304?
True
Does 18 divide 8982?
True
Is 7 a factor of 131547?
False
Is 5200224 a multiple of 115?
False
Is 538288 a multiple of 14?
False
Is 500 a factor of 291000?
True
Is 44 a factor of 737836?
True
Is 10 a factor of 49173?
False
Is 47706 a multiple of 6?
True
Does 188 divide 200595?
False
Is 57 a factor of 3266043?
True
Does 398 divide 5284462?
False
Is 14 a factor of 132558?
False
Does 156 divide 448841?
False
Is 30 a factor of 63845?
False
Is 4289132 a multiple of 1058?
True
Does 52 divide 1194630?
False
Does 11 divide 44957?
True
Does 4 divide 49632?
True
Is 14 a factor of 12334?
True
Is 10 a factor of 105350?
True
Is 143231 a multiple of 75?
False
Is 109 a factor of 492121?
False
Is 399418 a multiple of 457?
True
Does 16 divide 161696?
True
Does 81 divide 307241?
False
Is 44 a factor of 2827608?
False
Does 320 divide 2865195?
False
Does 3 divide 332694?
True
Does 279 divide 304817?
False
Is 46227 a multiple of 57?
True
Is 89 a factor of 1634108?
False
Is 191101 a multiple of 134?
False
Does 19 divide 19123842?
True
Is 91 a factor of 4186?
True
Is 26 a factor of 71461?
False
Does 87 divide 78293?
False
Does 9 divide 116838?
True
Does 19 divide 122702?
True
Is 76 a factor of 56919?
False
Does 483 divide 10235736?
True
Is 69 a factor of 299648?
False
Is 31 a factor of 123038?
False
Is 22 a factor of 330453?
False
Is 861 a factor of 15807099?
True
Is 277 a factor of 5727529?
True
Does 14 divide 3520244?
True
Is 3 a factor of 857702?
False
Is 7 a factor of 7227856?
False
Does 179 divide 618355?
False
Is 11 a factor of 58778?
False
Is 3079008 a multiple of 48?
True
Is 35 a factor of 664195?
True
Is 83 a factor of 21087?
False
Is 151 a factor of 6467934?
True
Is 1315598 a multiple of 178?
True
Is 1083972 a multiple of 138?
False
Is 19 a factor of 1900133?
True
Is 432106 a multiple of 52?
False
Does 78 divide 2787241?
False
Is 904256 a multiple of 185?
False
Is 2423667 a multiple of 411?
True
Does 24 divide 10549176?
True
Is 133875 a multiple of 21?
True
Is 25 a factor of 170725?
True
Is 3 a factor of 643032?
True
Does 66 divide 1204414?
False
Does 106 divide 1410330?
True
Is 2274113 a multiple of 461?
True
Is 332 a factor of 107631?
False
Is 378133 a multiple of 49?
True
Is 69 a factor of 1511000?
False
Is 1387 a factor of 1107261?
False
Is 569875 a multiple of 25?
True
Is 2289534 a multiple of 541?
False
Is 274657 a multiple of 404?
False
Does 188 divide 2009887?
False
Is 27 a factor of 9266926?
False
Does 134 divide 105726?
True
Does 789 divide 3597840?
True
Does 36 divide 105912?
True
Is 31 a factor of 27038?
False
Does 517 divide 4446594?
False
Is 22 a factor of 35966?
False
Does 440 divide 11878363?
False
Does 218 divide 586202?
True
Is 744797 a multiple of 14?
False
Is 39 a factor of 45981?
True
Does 24 divide 25379592?
True
Is 15729 a multiple of 7?
True
Is 54 a factor of 268675?
False
Is 10600404 a multiple of 12?
True
Does 110 divide 515240?
True
Is 178 a factor of 239766?
True
Does 190 divide 91171?
False
Does 50 divide 709450?
True
Is 2788078 a multiple of 31?
True
Is 128277 a multiple of 2?
False
Is 867951 a multiple of 63?
True
Is 25 a factor of 187287?
False
Does 898 divide 1563490?
False
Is 1114438 a multiple of 14?
False
Is 68 a factor of 10668384?
True
Is 519 a factor of 1459627?
False
Is 350594 a multiple of 796?
False
Is 367275 a multiple of 249?
True
Is 224 a factor of 25131008?
True
Is 97044 a multiple of 170?
False
Is 1803121 a multiple of 160?
False
Is 3654624 a multiple of 8?
True
Is 5561281 a multiple of 451?
True
Is 78845 a multiple of 65?
True
Is 3 a factor of 374502?
True
Is 16 a factor of 312848?
True
Is 10 a factor of 2775971?
False
Is 48 a factor of 12511?
False
Does 226 divide 600577?
False
Does 164 divide 1180077?
False
Is 2 a factor of 237639?
False
Is 1074195 a multiple of 176?
False
Is 1462 a factor of 2485400?
True
Is 570 a factor of 2489603?
False
Is 13 a factor of 62153?
True
Does 14 divide 299698?
True
Is 5 a factor of 1178574?
False
Does 9 divide 108405?
True
Is 24679 a multiple of 7?
False
Is 3975438 a multiple of 237?
True
Does 13 divide 59219?
False
Does 111 divide 882561?
True
Is 216 a factor of 619704?
True
Is 70 a factor of 9325077?
False
Does 14 divide 108632?
False
Does 315 divide 453080?
False
Is 9 a factor of 196032?
False
Is 33 a factor of 2975610?
True
Is 67300 a multiple of 10?
True
Does 25 divide 348621?
False
Does 479 divide 8073?
False
Is 166 a factor of 516502?
False
Is 451 a factor of 60981?
False
Does 24 divide 5640000?
True
Does 290 divide 13920290?
True
Is 131814 a multiple of 2?
True
Does 26 divide 104042?
False
Does 16 divide 723521?
False
Does 71 divide 5041?
True
Is 531 a factor of 6109686?
True
Does 6 divide 495252?
True
Is 117843 a multiple of 33?
True
Do